1668 is divided by 35.
23
What is the remainder when 4095 is divided by 4082?
13
Calculate the remainder when 200 is divided by 71.
58
What is the remainder when 1043 is divided by 95?
93
Calculate the remainder when 896 is divided by 232.
200
What is the remainder when 400 is divided by 133?
1
Calculate the remainder when 3452 is divided by 48.
44
What is the remainder when 650 is divided by 52?
26
Calculate the remainder when 70 is divided by 58.
12
Calculate the remainder when 44 is divided by 5.
4
Calculate the remainder when 987 is divided by 62.
57
What is the remainder when 150 is divided by 8?
6
Calculate the remainder when 153 is divided by 27.
18
What is the remainder when 179 is divided by 27?
17
What is the remainder when 71 is divided by 38?
33
What is the remainder when 194 is divided by 8?
2
Calculate the remainder when 920 is divided by 113.
16
Calculate the remainder when 371 is divided by 185.
1
Calculate the remainder when 21 is divided by 14.
7
Calculate the remainder when 50 is divided by 2.
0
Calculate the remainder when 356 is divided by 90.
86
Calculate the remainder when 12374 is divided by 136.
134
What is the remainder when 860 is divided by 84?
20
What is the remainder when 45 is divided by 24?
21
What is the remainder when 83 is divided by 58?
25
What is the remainder when 305 is divided by 6?
5
Calculate the remainder when 35 is divided by 12.
11
Calculate the remainder when 11589 is divided by 56.
53
What is the remainder when 128 is divided by 35?
23
What is the remainder when 988 is divided by 958?
30
Calculate the remainder when 1518 is divided by 26.
10
What is the remainder when 897 is divided by 43?
37
Calculate the remainder when 390 is divided by 92.
22
What is the remainder when 670 is divided by 45?
40
What is the remainder when 1998 is divided by 79?
23
Calculate the remainder when 1899 is divided by 20.
19
What is the remainder when 176 is divided by 40?
16
What is the remainder when 177 is divided by 6?
3
What is the remainder when 1613 is divided by 236?
197
What is the remainder when 115 is divided by 9?
7
Calculate the remainder when 828 is divided by 20.
8
Calculate the remainder when 13 is divided by 7.
6
What is the remainder when 413 is divided by 6?
5
What is the remainder when 643 is divided by 216?
211
What is the remainder when 2132 is divided by 35?
32
Calculate the remainder when 155 is divided by 11.
1
Calculate the remainder when 177 is divided by 64.
49
What is the remainder when 741 is divided by 124?
121
What is the remainder when 266 is divided by 68?
62
What is the remainder when 128 is divided by 4?
0
What is the remainder when 2598 is divided by 200?
198
What is the remainder when 238 is divided by 26?
4
What is the remainder when 19 is divided by 7?
5
What is the remainder when 353 is divided by 59?
58
Calculate the remainder when 14576 is divided by 20.
16
What is the remainder when 487 is divided by 127?
106
What is the remainder when 2116 is divided by 1056?
4
What is the remainder when 1339 is divided by 22?
19
What is the remainder when 100 is divided by 46?
8
Calculate the remainder when 162 is divided by 3.
0
Calculate the remainder when 65 is divided by 47.
18
What is the remainder when 391 is divided by 54?
13
Calculate the remainder when 1259 is divided by 7.
6
What is the remainder when 130 is divided by 20?
10
What is the remainder when 1197 is divided by 28?
21
What is the remainder when 1593 is divided by 145?
143
What is the remainder when 524 is divided by 22?
18
What is the remainder when 1723 is divided by 8?
3
Calculate the remainder when 535 is divided by 157.
64
Calculate the remainder when 625 is divided by 199.
28
Calculate the remainder when 365 is divided by 82.
37
What is the remainder when 175 is divided by 106?
69
Calculate the remainder when 2595 is divided by 33.
21
What is the remainder when 694 is divided by 4?
2
What is the remainder when 94 is divided by 27?
13
Calculate the remainder when 4155 is divided by 154.
151
What is the remainder when 1790 is divided by 32?
30
What is the remainder when 423 is divided by 106?
105
Calculate the remainder when 366 is divided by 12.
6
What is the remainder when 1419 is divided by 142?
141
What is the remainder when 89 is divided by 45?
44
Calculate the remainder when 847 is divided by 260.
67
What is the remainder when 12986 is divided by 27?
26
Calculate the remainder when 1073 is divided by 383.
307
What is the remainder when 287 is divided by 138?
11
Calculate the remainder when 236 is divided by 22.
16
Calculate the remainder when 263 is divided by 44.
43
What is the remainder when 799 is divided by 302?
195
What is the remainder when 154 is divided by 23?
16
Calculate the remainder when 171 is divided by 63.
45
Calculate the remainder when 120 is divided by 21.
15
Calculate the remainder when 198 is divided by 34.
28
What is the remainder when 1634 is divided by 540?
14
Calculate the remainder when 423 is divided by 70.
3
What is the remainder when 383 is divided by 26?
19
What is the remainder when 317 is divided by 152?
13
What is the remainder when 1607 is divided by 64?
7
What is the remainder when 176 is divided by 101?
75
Calculate the remainder when 695 is divided by 70.
65
Calculate the remainder when 593 is divided by 99.
98
Calculate the remainder when 1160 is divided by 135.
80
What is the remainder when 63 is divided by 27?
9
What is the remainder when 11 is divided by 8?
3
What is the remainder when 2495 is divided by 104?
103
What is the remainder when 47 is divided by 7?
5
Calculate the remainder when 72 is divided by 6.
0
Calculate the remainder when 35 is divided by 10.
5
Calculate the remainder when 261 is divided by 59.
25
Calculate the remainder when 140 is divided by 125.
15
What is the remainder when 18218 is divided by 137?
134
Calculate the remainder when 554 is divided by 154.
92
Calculate the remainder when 341 is divided by 95.
56
Calculate the remainder when 314 is divided by 130.
54
Calculate the remainder when 310 is divided by 52.
50
Calculate the remainder when 15063 is divided by 279.
276
What is the remainder when 168 is divided by 10?
8
What is the remainder when 273 is divided by 29?
12
What is the remainder when 1616 is divided by 33?
32
Calculate the remainder when 57 is divided by 9.
3
What is the remainder when 477 is divided by 123?
108
What is the remainder when 266 is divided by 21?
14
What is the remainder when 366 is divided by 16?
14
What is the remainder when 993 is divided by 5?
3
Calculate the remainder when 45350 is divided by 11.
8
Calculate the remainder when 1154 is divided by 30.
14
Calculate the remainder when 102 is divided by 28.
18
Calculate the remainder when 472 is divided by 155.
7
What is the remainder when 94 is divided by 37?
20
Calculate the remainder when 2350 is divided by 42.
40
What is the remainder when 7656 is divided by 16?
8
Calculate the remainder when 78 is divided by 16.
14
Calculate the remainder when 246 is divided by 233.
13
What is the remainder when 1207 is divided by 74?
23
Calculate the remainder when 77 is divided by 17.
9
What is the remainder when 283 is divided by 22?
19
What is the remainder when 1474 is divided by 411?
241
What is the remainder when 145 is divided by 46?
7
What is the remainder when 12834 is divided by 11?
8
What is the remainder when 108 is divided by 32?
12
What is the remainder when 170 is divided by 9?
8
Calculate the remainder when 197 is divided by 105.
92
Calculate the remainder when 698 is divided by 30.
8
Calculate the remainder when 63 is divided by 12.
3
Calculate the remainder when 128 is divided by 69.
59
Calculate the remainder when 92 is divided by 6.
2
Calculate the remainder when 299 is divided by 7.
5
What is the remainder when 361 is divided by 81?
37
What is the remainder when 1279 is divided by 20?
19
Calculate the remainder when 1725 is divided by 173.
168
Calculate the remainder when 78 is divided by 15.
3
What is the remainder when 4371 is divided by 175?
171
Calculate the remainder when 65 is divided by 28.
9
Calculate the remainder when 124 is divided by 57.
10
Calculate the remainder when 202 is divided by 6.
4
What is the remainder when 211 is divided by 72?
67
Ca